*n + p = -15. What are the prime factors of n?
7
Let h(s) = s**3 + 2*s**2 + s + 3. Let t be h(-3). Let x = -4 - t. List the prime factors of x.
5
Suppose 9 = 2*c - c. Suppose -4*l + c = -79. Suppose -5*u + 6*b = 3*b - 22, 4*b + l = 3*u. List the prime factors of u.
2
Let y be ((-1)/2)/((-13)/130). Suppose 0*z = -y*z + 160. List the prime factors of z.
2
Let v = 2 - -2. Suppose 0*l + 28 = v*l. List the prime factors of l.
7
Let b(s) = s**3 + 4*s**2 - 4*s + 12. Let k(o) = -3*o**3 - 11*o**2 + 11*o - 37. Let u(h) = -8*b(h) - 3*k(h). List the prime factors of u(0).
3, 5
Suppose -a - 33 = -54. List the prime factors of a.
3, 7
Let g be 3/3 + (21 - -1). Suppose 5*t - g = -4*y, -t = 2*y - 2 + 1. What are the prime factors of t?
7
Let g(w) = -2*w + 5. Let c be g(4). Let a be -5*((-3)/(-1))/c. Suppose -30 = -4*t + 3*i - a*i, 0 = -2*t + 2*i + 30. What are the prime factors of t?
2, 5
Let v be (-8)/((15/(-12))/(-5)). Let p = -23 - v. Suppose 0 = m - p. List the prime factors of m.
3
Let q(b) = b**2 + 4*b + 3. Let c be q(-2). Let u = 1 - c. Suppose 50 = u*z + 3*z. List the prime factors of z.
2, 5
Suppose 0 = -0*m + m - 2*l - 27, -2*l = 2*m - 36. List the prime factors of m.
3, 7
Let s(z) = 5*z**3 - z. Let p be s(1). Let y = 8 - p. List the prime factors of ((-9)/4)/((-1)/y).
3
Let w be (-22)/(-6) + 4/(-6). Suppose -2*u - 5*x + 13 = 0, -u - w*x = -2*u + 1. What are the prime factors of ((-1)/(-2))/(u/48)?
2, 3
Suppose v = -4*a + 5*a - 14, 0 = 3*v + a + 30. Let q = 7 + v. Let p(d) = -d**3 - 3*d**2 + d. List the prime factors of p(q).
2, 3
Let t be 14/1 + 6/(-3). Let d = t - -1. What are the prime factors of d?
13
What are the prime factors of ((-2)/(1 + -2))/((-16)/(-1032))?
3, 43
Suppose -h = 3*n - 767, h + 88 = n - 169. What are the prime factors of n?
2
Let m(v) = -v**3 - 7*v**2 - 2*v - 3. List the prime factors of m(-7).
11
Let n be ((-20)/(-16))/(2/8). Suppose -3 = -y - y + n*b, 6 = -2*b. Let t = -4 - y. List the prime factors of t.
2
Suppose 4*q - 61 = 5*r, 2 = 2*r - 4. Let t = -10 + 14. Suppose 10 = 5*z + 4*k, -k = t*z - 0*k - q. List the prime factors of z.
2, 3
Let k(u) = -29*u - 12. What are the prime factors of k(-5)?
7, 19
Suppose 0*i = -3*i. Suppose 13 = -2*v - f - 31, i = f. Let w = -11 - v. What are the prime factors of w?
11
Let b(n) = n**2 - 3*n - 5. Let m(t) = -2*t. Let a be m(1). Let o be 1/2 + (-11)/a. What are the prime factors of b(o)?
13
Suppose -2*r = 2*r - 12. Suppose -5*l = 5*d - 210, -2*l + 62 = r*d - 24. List the prime factors of l.
2, 5
Suppose 2*a = -5*f + 6, 4*a + 0 = -3*f + 12. Suppose -2*x + r + 25 = 0, f*x - 3*x - 3*r = -15. List the prime factors of x.
2, 5
Let g = -3 - -2. Let r be 0/(-8) - (-22 + g). Let z = r + -13. What are the prime factors of z?
2, 5
Let j be (-2)/6*(-4 - -4). Suppose k + j = 2. What are the prime factors of k?
2
Let d be (12 + -1)/(3/9). Let p = 69 - d. List the prime factors of p.
2, 3
Suppose 4*n - 271 = 281. What are the prime factors of n?
2, 3, 23
Suppose -a - 2*a = -108. List the prime factors of a.
2, 3
Suppose 2*i - 20 = -2*i. Suppose -60 = v - i*v. What are the prime factors of v?
3, 5
List the prime factors of 6/(-33) + ((-1432)/(-11))/1.
2, 5, 13
Suppose 3 = -3*z, -5*z + 88 = 3*d - 0*z. What are the prime factors of d?
31
Let r(w) = -6*w. Let s be r(-13). Suppose -3*v = -4*c - 64, 4*v = -3*c + c + s. What are the prime factors of v?
2, 5
Let g(a) be the third derivative of a**5/60 - 7*a**4/24 + 5*a**3/6 - a**2. Let n be g(7). Suppose -n*z + 8*z - 18 = 0. List the prime factors of z.
2, 3
Suppose -t - 2*t + 40 = 5*c, 0 = -3*t - 2*c + 25. Let k = t + -7. Let d = 9 + k. List the prime factors of d.
7
Let o(y) be the second derivative of y**4/12 - 2*y**3/3 + 2*y**2 + 4*y. List the prime factors of o(6).
2
Let k(x) = -x**2 + 10*x - 10. Let f be k(7). Suppose -7*j + 3*j + 100 = 0. Let t = j - f. What are the prime factors of t?
2, 7
Suppose -26 = -5*a + 19. What are the prime factors of a?
3
Let m = -27 - -41. Let w = 3 + m. What are the prime factors of w?
17
Suppose -4*b = 2*n - 0*b - 570, 0 = -4*b - 20. List the prime factors of n.
5, 59
Let d(w) = 3*w**2 - w + 3. Let g be d(3). Suppose -n - 2 - 1 = 0, -4*i + 5*n + g = 0. What are the prime factors of i?
3
Let n(p) be the second derivative of -p**3/6 + 7*p**2/2 + 2*p. List the prime factors of n(-5).
2, 3
Suppose 690 = 11*m - 5*m. List the prime factors of m.
5, 23
Let y = 2 - 2. Let c = y + -1. Let z = 4 + c. What are the prime factors of z?
3
Suppose 20 = g - 5*p - 21, 0 = -p + 5. List the prime factors of g.
2, 3, 11
Let y be 0 + (-7)/((-7)/4). Suppose 52 = 2*a - y. What are the prime factors of a?
2, 7
Let z = -42 + 64. Let m = z + -16. List the prime factors of m.
2, 3
Let f(r) = 11*r - 17. What are the prime factors of f(6)?
7
Let t = 10 - 10. Suppose -2*s = -t*s - 84. What are the prime factors of s?
2, 3, 7
Let v be 3 + -5 - (1 + -98). Suppose 4*a - 4*z = z + v, -3*z - 89 = -4*a. Suppose 3*o - a = -2*o. What are the prime factors of o?
2
Let d = 35 + -29. What are the prime factors of d?
2, 3
Suppose 4*b - 15 - 5 = 0. Suppose 3*l - b = 2*l. Suppose 3*i + 18 = o, l*o + 7*i - 3*i + 5 = 0. What are the prime factors of o?
3
What are the prime factors of 1 + 95/4 - 19/(-76)?
5
Suppose 3*g + 60 = 23*g. What are the prime factors of g?
3
Let h = 298 + -163. List the prime factors of h.
3, 5
Suppose -2*z - 3*z - 4*c = -144, 0 = 3*z - 4*c - 112. Suppose -4*k + 40 = -4*l, 0*k + z = 2*k + 4*l. What are the prime factors of k?
2, 3
Let w be 80/3*6/4. Suppose -3*v + 3*s = -9, 2*v - 6*v - 3*s + w = 0. What are the prime factors of v?
7
Let o(a) = -a**2 + 8*a - 7. Let m be o(7). Suppose 3*s + 5*t + m*t + 7 = 0, -1 = 3*s + 2*t. List the prime factors of 2/4*22 - s.
2, 5
Let d be (2 - (-3 + 6))*-6. Suppose -d*y + 5*y = -16. What are the prime factors of y?
2
Let p = -7 - -7. Let v(c) = -c + 3. List the prime factors of v(p).
3
Let t = -16 - -22. What are the prime factors of t?
2, 3
Suppose 0 = -3*u - k + 9, -5*u - 1 = -3*k - 16. Suppose -u*v + 66 = -v. Let f = -22 + v. List the prime factors of f.
11
List the prime factors of (-1 - (-39 - 1)) + (5 - 8).
2, 3
Let u be (-4)/22 - 582/66. Let j = u - -12. What are the prime factors of j?
3
Let g(s) = 2*s - 7. Suppose -10 = -2*p + 2*v, -2*v - v = 2*p - 5. Suppose -4*l + p + 16 = 0. What are the prime factors of g(l)?
3
Suppose 4*z + 144 = 4*n, -2*z = -4*n + 13 + 63. Let b = z + 49. Let i = 25 - b. List the prime factors of i.
2, 5
Let l(p) = -6*p + 1. Let a(j) = 7*j - 2. Let x(u) = -5*a(u) - 6*l(u). Let b be x(-4). Suppose 5*o + b*o - 70 = -5*w, 8 = 2*o. List the prime factors of w.
2, 5
Suppose 0 = o - 58 - 26. What are the prime factors of o?
2, 3, 7
Suppose 0 = 4*u - 3*f - 5, 25 = 4*u + 4*f - 3*f. What are the prime factors of u?
5
What are the prime factors of 0 - (-1 - 29/1)?
2, 3, 5
Let m(r) = -r**2 - r + 54. List the prime factors of m(0).
2, 3
Let b be (-1)/(1/2) + 2. Let n = 6 + b. Suppose -4*u - n = -54. List the prime factors of u.
2, 3
Let a(l) = l**3 + 8*l**2 - 8*l + 3. Let w be a(-9). Let q = -4 - w. Suppose 0 = -3*r - q + 8. List the prime factors of r.
2
Suppose 2*x - 7 = 3. Let y = -1 + 3. Suppose 0 = -x*c + y*c + 15. List the prime factors of c.
5
Let h(q) = 9*q - 27. List the prime factors of h(8).
3, 5
Suppose -6*n = 4*n - 220. What are the prime factors of n?
2, 11
Suppose -20 = 3*y + 19. What are the prime factors of (y/5)/((-1)/5)?
13
Let d = -2 + 17. List the prime factors of d.
3, 5
Let q = 49 + -27. What are the prime factors of q?
2, 11
Suppose 0 = -10*a + 11*a - 41. What are the prime factors of a?
41
Suppose 5*b - 6 = 9. Suppose -b*j = -4*j + 24. What are the prime factors of j?
2, 3
Let j = -24 + 46. What are the prime factors of j?
2, 11
Let m(o) = 5*o**2 + 5*o + 5. Let k be m(-4). Suppose 0 = 4*t - 20, 4*b - t = k + 26. List the prime factors of (-2)/(-6) + b/9.
3
Let n be (-4)/4*1*-5. Let s = n + 7. List the prime factors of s.
2, 3
Suppose -198 + 930 = 4*c. List the prime factors of c.
3, 61
Let s(t) = t**2 + 9*t + 10. Let o be s(-7). Let l = o + 7. Suppose l*w = -0*w + 24. What are the prime factors of w?
2
Let f be (-22)/(-6) + 4/12. List the prime factors of (-1)/(((-12)/33)/f).
11
Let w be 25/(-10) - (-1)/2. Let b be 3 + 3/w*2. Suppose b = u + 2*u - 30. What ar